
-141
Let m(v) = 1194*v - 29857. What is m(25)?
-7
Let l(k) = 4*k**3 + 205*k**2 - 591*k + 147. Give l(-54).
-15
Let v(c) = -9787*c - 48936. Give v(-5).
-1
Let m(t) = 2*t**2 + 1725*t + 23754. Give m(-14).
-4
Let p(u) = -21*u**2 + 2*u - 9. Give p(3).
-192
Let d(i) = i**2 - 88*i + 1717. Calculate d(28).
37
Let a(m) = m**2 - 201*m + 978. Give a(5).
-2
Let m(n) = -n**3 - 22*n**2 + 45*n + 480. Determine m(-23).
-26
Let w(l) = -l**3 + 13*l**2 + 69*l - 27. Give w(17).
-10
Let d(n) = n**3 + 28*n**2 + 17*n - 263. Give d(-27).
7
Let z(d) = d**2 + 17*d + 60. Determine z(-26).
294
Let r(h) = -358*h - 40435. What is r(-113)?
19
Let k(p) = p**3 - 40*p**2 + 74*p + 99. What is k(38)?
23
Let a(c) = -1844*c + 9203. Determine a(5).
-17
Let y(v) = v**3 - 8*v**2 + 30*v + 28. Calculate y(5).
103
Let p(q) = 110*q + 333. Calculate p(-3).
3
Let k(w) = 2*w**3 + w**2 - 5*w - 13. Determine k(0).
-13
Let h(i) = -2*i**2 - 235*i - 125. Determine h(-117).
-8
Let n(o) = -6*o**2 + 60*o + 3. Give n(10).
3
Let q(g) = g**2 - 226*g - 7978. Give q(-31).
-11
Let f(o) = 77*o**2 - 20*o + 30. Determine f(2).
298
Let f(l) = 87*l**2 - 861*l + 709. Calculate f(9).
7
Let f(d) = 496*d - 6412. What is f(13)?
36
Let n(z) = 7*z**3 + 1247*z**2 + 181*z + 587. What is n(-178)?
53
Let u(z) = -4*z + 128. Give u(27).
20
Let b(c) = 36*c + 1044. What is b(-29)?
0
Let x(w) = -12*w**2 + 43*w + 234. Calculate x(-6).
-456
Let x(w) = -8*w**2 + 154*w + 109. Determine x(20).
-11
Let p(v) = v**3 + 34*v**2 + 34*v + 26. Calculate p(-33).
-7
Let n(q) = 10*q**2 - 48*q + 60. Give n(3).
6
Let r(a) = -a**3 + 26*a**2 + 30*a - 79. Give r(27).
2
Let r(m) = 9*m**2 - 235*m + 236. Determine r(1).
10
Let q(r) = -99*r - 17. Give q(-2).
181
Let o(w) = -19*w**2 - 849*w + 269. Calculate o(-45).
-1
Let c(q) = -133*q + 24861. What is c(187)?
-10
Let r(u) = 27*u - 22. What is r(-5)?
-157
Let k(z) = z**2 + 946*z + 11210. Determine k(-12).
2
Let t(n) = 2*n**3 + 16*n**2 - 11*n - 147. Calculate t(-8).
-59
Let v(j) = 4*j**2 + 224*j - 52. What is v(-56)?
-52
Let i(r) = -r**3 + 32*r**2 - 34*r + 72. Calculate i(31).
-21
Let y(g) = 3724*g - 22351. Determine y(6).
-7
Let n(x) = -x**2 - 66*x - 820. Calculate n(-15).
-55
Let w(l) = 3*l**3 + 45*l**2 + 42*l + 2. What is w(-14)?
2
Let n(h) = -7*h**2 + 29*h + 41. What is n(7)?
-99
Let h(s) = -6*s - 80. Determine h(-44).
184
Let b(c) = c**3 + 4*c**2 + 9*c + 29. Calculate b(-5).
-41
Let k(c) = 26*c + 720. Give k(-27).
18
Let t(r) = r**3 + 13*r**2 + 51*r - 2. Give t(-7).
-65
Let q(r) = -r**2 - 41*r - 425. Determine q(-16).
-25
Let b(j) = 190*j + 1407. Give b(-7).
77
Let b(r) = -r**3 - 87*r**2 - 562*r - 19. What is b(-7)?
-5
Let f(o) = 2*o**2 - 41*o + 68. Calculate f(20).
48
Let m(n) = 51*n**2 + 38*n + 2. Give m(-4).
666
Let r(l) = -l**2 + 335*l + 2749. Calculate r(343).
5
Let l(o) = -o**2 + 85*o + 1624. Give l(100).
124
Let v(d) = d**2 - 4*d - 367. Calculate v(22).
29
Let s(h) = 10*h**2 + 296*h - 121. Calculate s(-31).
313
Let m(f) = -9*f**3 - 575*f**2 + 68*f + 210. Determine m(-64).
-46
Let z(m) = 13*m + 153. Give z(19).
400
Let o(l) = -9*l**2 - 30*l + 288. Determine o(5).
-87
Let m(u) = -u**3 - 23*u**2 + 68*u - 272. Calculate m(-26).
-12
Let d(l) = -l**2 - 96*l - 1894. What is d(-30)?
86
Let b(l) = 2*l**3 - 22*l**2 + 24*l - 31. Give b(10).
9
Let b(c) = -64*c + 916. Give b(13).
84
Let x(m) = -4*m**3 + 45*m**2 + 39*m - 25. Give x(12).
11
Let b(v) = 8504*v - 17015. Give b(2).
-7
Let p(l) = -32*l - 321. Determine p(0).
-321
Let s(z) = -989*z - 6913. Give s(-7).
10
Let j(r) = -944*r + 31157. What is j(33)?
5
Let a(l) = 2*l**3 + 4*l**2 - 5*l - 10. What is a(-5)?
-135
Let m(i) = i**2 - 59*i - 13147. Calculate m(-89).
25
Let g(n) = 26*n**3 - 119*n**2 - 56*n + 18. Determine g(5).
13
Let v(q) = q**3 - 93*q**2 - 385*q - 280. Determine v(97).
11
Let o(v) = -v**3 + 14*v**2 - 15*v + 49. What is o(13)?
23
Let p(v) = v**3 + 11*v**2 - 5*v - 22. Calculate p(0).
-22
Let d(t) = -2*t**2 - 75*t + 590. Calculate d(-36).
698
Let i(r) = -r**2 + 28*r + 217. Calculate i(37).
-116
Let v(j) = -5*j**2 + 19*j - 17. Calculate v(5).
-47
Let l(q) = -5*q + 123. Give l(17).
38
Let v(o) = 2*o**3 - 34*o**2 + 33*o - 23. Calculate v(16).
-7
Let i(k) = -k**3 + 83*k**2 + 788*k + 475. Determine i(-8).
-5
Let h(r) = -r**2 + 27*r + 127. What is h(25)?
177
Let t(w) = 42*w + 151. What is t(-26)?
-941
Let j(m) = 7*m**2 + 632*m - 631. What is j(1)?
8
Let t(w) = 96*w - 597. Determine t(7).
75
Let d(o) = o**2 + 114*o + 2974. Give d(-73).
-19
Let z(f) = 142*f - 2564. Calculate z(18).
-8
Let o(g) = 18*g - 82. Calculate o(24).
350
Let b(u) = -u**2 - 4*u + 518. What is b(-25)?
-7
Let i(m) = m**2 - 4*m + 142. Give i(23).
579
Let c(z) = -111*z + 241. Give c(2).
19
Let b(y) = -6*y**3 + 26*y**2 + 2*y - 11. Determine b(5).
-101
Let x(p) = -2*p**3 + 18*p**2 - 46*p + 417. Give x(9).
3
Let u(f) = 38*f + 4201. What is u(-120)?
-359
Let t(c) = 4*c**3 - 13*c**2 + c + 8. What is t(2)?
-10
Let s(x) = -5*x**2 + 309*x + 1898. Give s(-6).
-136
Let b(t) = 10*t**2 + 2535*t - 3828. Determine b(-255).
-3
Let n(q) = -q**3 - 13*q**2 - 54*q - 620. Calculate n(-13).
82
Let r(t) = 2*t**2 - 253*t - 2292. Give r(135).
3
Let d(w) = -3*w**2 + 14*w + 36. Give d(6).
12
Let d(u) = 48*u + 27. Calculate d(-9).
-405
Let q(h) = 16*h**3 - 3*h**2 + 7*h + 3. Calculate q(2).
133
Let y(h) = -h**3 - 269*h**2 + 1100*h - 27. Give y(4).
5
Let s(v) = v**2 - 85*v + 1989. What is s(38)?
203
Let v(o) = 568*o + 9089. What is v(-16)?
1
Let r(i) = i**3 + 50*i**2 + 596*i - 271. What is r(-21)?
2
Let w(c) = -85*c - 495. Determine w(-10).
355
Let m(c) = c**3 + 2*c**2 - 3*c + 521. Give m(0).
521
Let m(r) = r**2 + 140*r + 911. Determine m(-133).
-20
Let x(d) = -283*d - 807. Determine x(-5).
608
Let l(o) = 101*o + 94. Give l(-1).
-7
Let h(s) = s**2 - 131*s + 1309. Determine h(10).
99
Let s(m) = -m**3 + 151*m**2 - 1280*m + 288. Calculate s(142).
4
Let f(z) = -z**2 + 50*z - 367. Calculate f(9).
2
Let s(w) = w**2 + 165*w - 681. What is s(4)?
-5
Let b(a) = a**3 + 6*a**2 - 19*a - 126. What is b(-6)?
-12
Let v(d) = 3*d**3 - 18*d**2 - 23*d + 119. Give v(6).
-19
Let x(b) = 2*b**2 - 81*b - 167. Calculate x(-2).
3
Let q(l) = 4*l + 155. Determine q(38).
307
Let i(k) = -40*k - 1851. Calculate i(-44).
-91
Let y(l) = l**2 + 26*l - 167. Determine y(-31).
-12
Let w(d) = 2*d**3 + 6*d**2 - d + 15. Calculate w(-6).
-195
Let h(z) = -2*z**2 - 104*z + 579. Determine h(5).
9
Let x(k) = 5*k**3 - 2*k**2 + 2*k - 5. Calculate x(-2).
-57
Let t(j) = -63*j**2 - 29*j - 52. Give t(-2).
-246
Let p(y) = -8*y - 84. What is p(3)?
-108
Let k(d) = -17*d**2 - 21*d - 41. Determine k(-2).
-67
Let n(o) = -o**2 - 41*o + 248. Give n(-47).
-34
Let f(j) = 465*j - 10227. What is f(22)?
3
Let r(h) = -h**3 + h**2 + 8*h + 3. Determine r(-2).
-1
Let k(c) = 42*c + 5270. Determine k(-124).
62
Let y(j) = 3073*j - 15313. Calculate y(5).
52
Let s(z) = z**3 + 93*z**2 + 269*z - 113. Determine s(-90).
-23
Let w(j) = -13*j + 77. Give w(7).
-14
Let g(c) = 61*c + 530. Give g(-8).
42
Let d(n) = -29*n**2 + 2037*n - 478. What is d(70)?
12
Let n(l) = -5*l + 61. Give n(5).
36
Let j(d) = -d**2 + 10*d + 9. Give j(8).
25
Let w(s) = -12*s**2 + 23*s - 18. Give w(1).
-7
Let w(g) = -g**3 + 32*g**2 - 175*g + 22. Determine w(6).
-92
Let h(i) = 27*i + 8. Determine h(-3).
-73
Let y(d) = -d**2 + 278*d - 15480. Give y(77).
-3
Let l(o) = o**2 - 28*o - 141. Determine l(32).
-13
Let p(a) = -8*a**3 + 25*a**2 - 17*a + 55. Determine p(3).
13
Let h(m) = -5*m**2 + 15*m - 8. Give h(7).
-148
Let u(f) = -f**3 - 4*f**2 + 37*f - 231. Calculate u(-10).
-1
Let h(f) = f**3 - 2*f**2 - 16*f + 10. What is h(7)?
143
Let x(m) = m**2 + 95*m + 187. Calculate x(-93).
1
Let h(u) = -319*u - 7021. Calculate h(-22).
-3
Let o(j) = -j**3 + 64*j**2 - 245*j + 300. Calculate o(60).
0
Let y(p) = -3*p**3 - 60*p**2 + 28*p + 576. Calculate y(-20).
16
Let c(u) = -16*u - 273. Give c(-12).
-81
Let g(y) = 739*y - 21428. What is g(29)?
3
Let b(k) = k**3 + 13*k**2 - 45*k + 33. Determine b(-16).
-15
Let y(c) = -137*c + 135. Determine y(1).
-2
Let b(v) = v**2 - 393*v + 4554. Determine b(12).
-18
Let i(f) = 116*f**2. Calculate i(1).
116
Let t(c) = c**2 + 688*c + 4747. Determine t(-7).
-20
Let c(p) = 64*p + 361. What is c(-8)?
-151
Let k(i) = -104*i - 11. Calculate k(-2).
197
Let n(l) = 19*l - 182. Calculate n(-7).
-315
Let i(g